{"id":126,"date":"2017-09-05T15:26:20","date_gmt":"2017-09-05T15:26:20","guid":{"rendered":"http:\/\/demo.curlythemes.com\/art-gallery-wp\/?page_id=126"},"modified":"2019-07-30T18:31:12","modified_gmt":"2019-07-30T18:31:12","slug":"45-godina","status":"publish","type":"page","link":"http:\/\/galerijamustac.com\/en\/45-godina\/","title":{"rendered":"45 years of creations"},"content":{"rendered":"<div class=\"wpb-content-wrapper\"><div data-stellar-offset-parent=\"true\"  class=\"vc_row wpb_row vc_row-fluid content-padding vc_custom_1504195713546\"><div  class=\"wpb_column vc_column_container vc_col-sm-12\"><div class=\"vc_column-inner\" style=\"\" ><div class=\"wpb_wrapper\">\n\t<div class=\"wpb_text_column wpb_content_element\" >\n\t\t<div class=\"wpb_wrapper\">\n\t\t\t<h1 class=\"display-2 special-title\" style=\"text-align: center;\"><small>45 YEARS OF CREATION OF FRANJO MUSTA\u010c MEDAROV<\/small> Spirituality as a lyrical homeland<\/h1>\n\n\t\t<\/div>\n\t<\/div>\n<div class=\"vc_empty_space  xtd-spacer\"   style=\"height: 2rem\"><span class=\"vc_empty_space_inner\"><\/span><\/div><\/div><\/div><\/div><div  class=\"wpb_column vc_column_container vc_col-sm-4\"><div class=\"vc_column-inner\" style=\"\" ><div class=\"wpb_wrapper\">\n\t<div class=\"wpb_single_image wpb_content_element vc_align_left   xtd-offset-frame\">\n\t\t\n\t\t<figure class=\"wpb_wrapper vc_figure\">\n\t\t\t<div class=\"vc_single_image-wrapper xtd-shadow--normal-light  vc_box_border_grey\"><img loading=\"lazy\" decoding=\"async\" width=\"550\" height=\"825\" src=\"http:\/\/galerijamustac.com\/wp-content\/uploads\/2019\/07\/duhovnost.jpg\" class=\"vc_single_image-img attachment-full\" alt=\"\" title=\"duhovnost\" \/><\/div>\n\t\t<\/figure>\n\t<\/div>\n<div class=\"vc_empty_space  xtd-spacer\"   style=\"height: 2rem\"><span class=\"vc_empty_space_inner\"><\/span><\/div>\n\t<div class=\"wpb_text_column wpb_content_element\" >\n\t\t<div class=\"wpb_wrapper\">\n\t\t\t<blockquote>\n<p style=\"text-align: center;\">WRITTEN BY: Josip \u0160imunko<\/p>\n<\/blockquote>\n\n\t\t<\/div>\n\t<\/div>\n<\/div><\/div><\/div><div  class=\"wpb_column vc_column_container vc_col-sm-8 vc_col-lg-offset-1 vc_col-lg-7\"><div class=\"vc_column-inner\" style=\"\" ><div class=\"wpb_wrapper\">\n\t<div class=\"wpb_text_column wpb_content_element\" >\n\t\t<div class=\"wpb_wrapper\">\n\t\t\t<p class=\"lead lead-lg\">Franjo Musta\u010d Medarov painted his first painting back in 1973. He was only fifteen years old and since then he has been bond with the visual art. For 45 years of his artistic life (or rather, perseverance), Franjo Musta\u010d Medarov has been carrying in his heart and cherishing one author\u2019s artistic idea as his emotional lyrical homeland. As if it was destined, the artwork is present in several generations of Musta\u010d family, which is not unimportant.<\/p>\n<p class=\"p1\"><span class=\"s1\">His homeland is almost an imaginary village of Me\u0111imurje that ascends to the sky, to the lyrical pride of life, and in reality \u2013 his Sveta Marija as a visual inspiration and love. This is not regret for the lost times of the past, but the thoughtfulness of the author who builds his world of art as his thought. <\/span><\/p>\n<p class=\"p1\"><span class=\"s1\">Because of this, he almost ascetically abandons anything that would overshadow that magical lightness of the lyrical and emotional blend of the natural element and people. There are no factories, modern city architecture or new technological marvels in his paintings. True to himself and his artistic mission, he uses a little of the so-called cool colours, blue and green. Each of his paintings tells us of a peaceful and simple life, of the love of the spiritual.<span class=\"Apple-converted-space\">\u00a0 <\/span>i svojem likovnom poslanstvu do krajnosti, manje upotrebljava takozvane hladne boje, plavu i zelenu. Svaka njegova slika govori nam o spokoju i jednostavnom \u017eivotu, o ljubavi duhovnog.\u00a0<\/span><\/p>\n<p class=\"p1\"><span class=\"s1\">For 45 years, his name has been well known to the admirers of Me\u0111imurje\u2019s landscape, while in the professional Croatian art public he is known as a painter who is not subject to various directions of turbulent art movements. According to art critics, as well as numerous admirers and the public, he has long been honoured as one of the best painters and graphic artists in northern Croatia.<\/span><\/p>\n<p class=\"p1\"><span class=\"s1\">As an educated painter, he built his own distinctive style and visual spiritual world but remained a painter and poet of the rural and lyrical land of Me\u0111imurje. His artistic expressions are first and foremost soft in a pastel colour scheme, completely and ultimately impressive by emotional warmth and almost mythical country and land atmosphere. <\/span><\/p>\n<p class=\"p1\"><span class=\"s1\">The motifs of his paintings are mostly the landscapes of the village, the people who live in the village<span class=\"Apple-converted-space\">\u00a0 <\/span>\u2013 caught up in everyday work in the field \u2013 or churches and chapels as spiritual verticals that are not only spiritual symbols, but they mark the place, the topos of life. Humans and land almost cooperate in a romantic rapture. <span class=\"Apple-converted-space\">\u00a0 \u00a0<\/span><\/span><\/p>\n<p class=\"p2\"><span class=\"s1\">Almost unnoticed over the years, Musta\u010d has changed as a painter, calming topics and motifs through a coloured communication surfaces and abstracting what is less relevant. Therewith his paintings only gained in value.<\/span><\/p>\n<p class=\"p2\"><span class=\"s1\">Thematically, his work can be viewed in many ways. First, as a work<span class=\"Apple-converted-space\">\u00a0 <\/span>nadahnutog crta\u010da i grafi\u010dara, zatim kao slikara lirskih me\u0111imurskih pejza\u017ea koje godinama gradi sve do obojenih ploha, potom kao autora slika koje potpisuje s<span class=\"Apple-converted-space\">\u00a0 <\/span>of an inspired drafter and graphic artist. Secondly, as a painter of the lyrical landscapes of Me\u0111imurje that he has built up to the coloured surfaces over years. Thirdly, as an author of paintings that he undersigned with the family nickname Medarov and honoured a simple rural life: his cornstalk laying on the field have a soul. Lastly, as an author of a sacral opus, that is distinctively his own, personal and it is not subject to the canons of typical sacral painting. As a drafter and graphic artist, he brought his technique to the perfection, and his drawings are often a template for paintings.\u00a0<\/span><\/p>\n<p class=\"p2\"><span class=\"s1\">He also appears as the author of a monument to Croatian defenders of Sveta Marija, which is in the form of Fritillaria \u2013 a protected orchid in Me\u0111imurje; the author that is true to himself and to his artistic expression. Recently he has decided to go on trips: illustrating books with his drawings. <\/span><\/p>\n\n\t\t<\/div>\n\t<\/div>\n<\/div><\/div><\/div><\/div><div data-stellar-offset-parent=\"true\"  class=\"vc_row wpb_row vc_row-fluid content-padding\"><div  class=\"wpb_column vc_column_container vc_col-sm-12\"><div class=\"vc_column-inner\" style=\"\" ><div class=\"wpb_wrapper\"><div class=\"vc_empty_space\"   style=\"height: 32px\"><span class=\"vc_empty_space_inner\"><\/span><\/div><\/div><\/div><\/div><\/div>\n<\/div>","protected":false},"excerpt":{"rendered":"45 GODINA STVARANJA FRANJE MUSTA\u010cA MEDAROVA Duhovnost kao lirski zavi\u010daj PI\u0160E: Josip \u0160imunko Svoju prvu sliku Franjo Musta\u010d Medarov naslikao je davne 1973. godine. Imao je svega petnaest godina i od tada neprekidno traje njegovo dru\u017eenje s likovnom umjetno\u0161\u0107u. Velikih 45 godina slikarskog trajanja (bolje re\u010deno \u2013 ustrajnosti) jedne autorske likovne ideje, Franjo Musta\u010d Medarov nosi u srcu i njeguje [...]","protected":false},"author":1,"featured_media":0,"parent":0,"menu_order":0,"comment_status":"closed","ping_status":"closed","template":"","meta":{"footnotes":""},"class_list":["post-126","page","type-page","status-publish","hentry"],"_links":{"self":[{"href":"http:\/\/galerijamustac.com\/en\/wp-json\/wp\/v2\/pages\/126","targetHints":{"allow":["GET"]}}],"collection":[{"href":"http:\/\/galerijamustac.com\/en\/wp-json\/wp\/v2\/pages"}],"about":[{"href":"http:\/\/galerijamustac.com\/en\/wp-json\/wp\/v2\/types\/page"}],"author":[{"embeddable":true,"href":"http:\/\/galerijamustac.com\/en\/wp-json\/wp\/v2\/users\/1"}],"replies":[{"embeddable":true,"href":"http:\/\/galerijamustac.com\/en\/wp-json\/wp\/v2\/comments?post=126"}],"version-history":[{"count":4,"href":"http:\/\/galerijamustac.com\/en\/wp-json\/wp\/v2\/pages\/126\/revisions"}],"predecessor-version":[{"id":543,"href":"http:\/\/galerijamustac.com\/en\/wp-json\/wp\/v2\/pages\/126\/revisions\/543"}],"wp:attachment":[{"href":"http:\/\/galerijamustac.com\/en\/wp-json\/wp\/v2\/media?parent=126"}],"curies":[{"name":"wp","href":"https:\/\/api.w.org\/{rel}","templated":true}]}}

<div class="wpb-content-wrapper"><div data-stellar-offset-parent="true"  class="vc_row wpb_row vc_row-fluid content-padding vc_custom_1504195713546"><div  class="wpb_column vc_column_container vc_col-sm-12"><div class="vc_column-inner" style="" ><div class="wpb_wrapper">
	<div class="wpb_text_column wpb_content_element" >
		<div class="wpb_wrapper">
			<h1 class="display-2 special-title" style="text-align: center;"><small>45 YEARS OF CREATION OF FRANJO MUSTAČ MEDAROV</small> Spirituality as a lyrical homeland</h1>

		</div>
	</div>
<div class="vc_empty_space  xtd-spacer"   style="height: 2rem"><span class="vc_empty_space_inner"></span></div></div></div></div><div  class="wpb_column vc_column_container vc_col-sm-4"><div class="vc_column-inner" style="" ><div class="wpb_wrapper">
	<div class="wpb_single_image wpb_content_element vc_align_left   xtd-offset-frame">
		
		<figure class="wpb_wrapper vc_figure">
			<div class="vc_single_image-wrapper xtd-shadow--normal-light  vc_box_border_grey"><img loading="lazy" decoding="async" width="550" height="825" src="http://galerijamustac.com/wp-content/uploads/2019/07/duhovnost.jpg" class="vc_single_image-img attachment-full" alt="" title="duhovnost" /></div>
		</figure>
	</div>
<div class="vc_empty_space  xtd-spacer"   style="height: 2rem"><span class="vc_empty_space_inner"></span></div>
	<div class="wpb_text_column wpb_content_element" >
		<div class="wpb_wrapper">
			<blockquote>
<p style="text-align: center;">WRITTEN BY: Josip Šimunko</p>
</blockquote>

		</div>
	</div>
</div></div></div><div  class="wpb_column vc_column_container vc_col-sm-8 vc_col-lg-offset-1 vc_col-lg-7"><div class="vc_column-inner" style="" ><div class="wpb_wrapper">
	<div class="wpb_text_column wpb_content_element" >
		<div class="wpb_wrapper">
			<p class="lead lead-lg">Franjo Mustač Medarov painted his first painting back in 1973. He was only fifteen years old and since then he has been bond with the visual art. For 45 years of his artistic life (or rather, perseverance), Franjo Mustač Medarov has been carrying in his heart and cherishing one author’s artistic idea as his emotional lyrical homeland. As if it was destined, the artwork is present in several generations of Mustač family, which is not unimportant.</p>
<p class="p1"><span class="s1">His homeland is almost an imaginary village of Međimurje that ascends to the sky, to the lyrical pride of life, and in reality – his Sveta Marija as a visual inspiration and love. This is not regret for the lost times of the past, but the thoughtfulness of the author who builds his world of art as his thought. </span></p>
<p class="p1"><span class="s1">Because of this, he almost ascetically abandons anything that would overshadow that magical lightness of the lyrical and emotional blend of the natural element and people. There are no factories, modern city architecture or new technological marvels in his paintings. True to himself and his artistic mission, he uses a little of the so-called cool colours, blue and green. Each of his paintings tells us of a peaceful and simple life, of the love of the spiritual.<span class="Apple-converted-space">  </span>i svojem likovnom poslanstvu do krajnosti, manje upotrebljava takozvane hladne boje, plavu i zelenu. Svaka njegova slika govori nam o spokoju i jednostavnom životu, o ljubavi duhovnog. </span></p>
<p class="p1"><span class="s1">For 45 years, his name has been well known to the admirers of Međimurje’s landscape, while in the professional Croatian art public he is known as a painter who is not subject to various directions of turbulent art movements. According to art critics, as well as numerous admirers and the public, he has long been honoured as one of the best painters and graphic artists in northern Croatia.</span></p>
<p class="p1"><span class="s1">As an educated painter, he built his own distinctive style and visual spiritual world but remained a painter and poet of the rural and lyrical land of Međimurje. His artistic expressions are first and foremost soft in a pastel colour scheme, completely and ultimately impressive by emotional warmth and almost mythical country and land atmosphere. </span></p>
<p class="p1"><span class="s1">The motifs of his paintings are mostly the landscapes of the village, the people who live in the village<span class="Apple-converted-space">  </span>– caught up in everyday work in the field – or churches and chapels as spiritual verticals that are not only spiritual symbols, but they mark the place, the topos of life. Humans and land almost cooperate in a romantic rapture. <span class="Apple-converted-space">   </span></span></p>
<p class="p2"><span class="s1">Almost unnoticed over the years, Mustač has changed as a painter, calming topics and motifs through a coloured communication surfaces and abstracting what is less relevant. Therewith his paintings only gained in value.</span></p>
<p class="p2"><span class="s1">Thematically, his work can be viewed in many ways. First, as a work<span class="Apple-converted-space">  </span>nadahnutog crtača i grafičara, zatim kao slikara lirskih međimurskih pejzaža koje godinama gradi sve do obojenih ploha, potom kao autora slika koje potpisuje s<span class="Apple-converted-space">  </span>of an inspired drafter and graphic artist. Secondly, as a painter of the lyrical landscapes of Međimurje that he has built up to the coloured surfaces over years. Thirdly, as an author of paintings that he undersigned with the family nickname Medarov and honoured a simple rural life: his cornstalk laying on the field have a soul. Lastly, as an author of a sacral opus, that is distinctively his own, personal and it is not subject to the canons of typical sacral painting. As a drafter and graphic artist, he brought his technique to the perfection, and his drawings are often a template for paintings. </span></p>
<p class="p2"><span class="s1">He also appears as the author of a monument to Croatian defenders of Sveta Marija, which is in the form of Fritillaria – a protected orchid in Međimurje; the author that is true to himself and to his artistic expression. Recently he has decided to go on trips: illustrating books with his drawings. </span></p>

		</div>
	</div>
</div></div></div></div><div data-stellar-offset-parent="true"  class="vc_row wpb_row vc_row-fluid content-padding"><div  class="wpb_column vc_column_container vc_col-sm-12"><div class="vc_column-inner" style="" ><div class="wpb_wrapper"><div class="vc_empty_space"   style="height: 32px"><span class="vc_empty_space_inner"></span></div></div></div></div></div>
</div>

45 GODINA STVARANJA FRANJE MUSTAČA MEDAROVA Duhovnost kao lirski zavičaj PIŠE: Josip Šimunko Svoju prvu sliku Franjo Mustač Medarov naslikao je davne 1973. godine. Imao je svega petnaest godina i od tada neprekidno traje njegovo druženje s likovnom umjetnošću. Velikih 45 godina slikarskog trajanja (bolje rečeno – ustrajnosti) jedne autorske likovne ideje, Franjo Mustač Medarov nosi u srcu i njeguje [...]
